f, -3*f = -15. What is the remainder when 295 is divided by v?
127
Let d = 41 - 27. Let q(w) = 12*w - 50. Calculate the remainder when q(12) is divided by d.
10
Let a = 741 + -1544. Let k(t) = t**3 - 21*t**2 - 44*t - 50. Let h be k(23). Calculate the remainder when 71 is divided by -1*(2/h + a/22).
34
Suppose 295*x - 84405 - 47165 = 0. Calculate the remainder when x is divided by 121.
83
Let g = -362 + 567. Suppose -24*u - 31*u + 4420 - 515 = 0. Calculate the remainder when g is divided by u.
63
Suppose -8*d - 97 = -113. What is the remainder when 60 is divided by 25 + (4 - d)/(-2)?
12
Let a(v) = 133*v**2 - 2*v + 1. Suppose -4*i - 5*p = -186, 4*i = 5*p + 2698 - 2612. What is the remainder when a(1) is divided by i?
30
Let f(c) = -3*c**2 + 2*c**2 + 109 + 103 - 54 + 2*c**2 + 24*c. Calculate the remainder when 93 is divided by f(-13).
3
Let m(j) = 7*j + 88. Let r = -207 - -235. Calculate the remainder when r is divided by m(-11).
6
Let p = 32728 - 22030. What is the remainder when p is divided by 9?
6
Let w(r) be the first derivative of 11*r**2/2 - 19*r + 1. Let v = 768 + -760. What is the remainder when w(v) is divided by 35?
34
Suppose 193*a - 195*a = -2394. Calculate the remainder when (a/95)/(12/160) is divided by 57.
54
Let b = -38 - -73. Let y(g) = -9*g**2 + 4*g + 37. Let n be y(-5). Let d = n + 221. Calculate the remainder when b is divided by d.
9
Suppose w - 2*w - g = -10, 40 = 5*w - 5*g. Let r be 413/21 + 3/w. Suppose 13*c + 1428 = r*c. Calculate the remainder when c is divided by 23.
20
Suppose 23 = 3*x - 19. Let s be -38*(-8)/(-3)*(-72)/32. Let q = -162 + s. Calculate the remainder when q is divided by x.
10
Suppose -3*o = -8*o + 20. Suppose o*l - 106 = -3*q, -2*q + q = 4*l - 102. Let j = 757 - 686. What is the remainder when j is divided by l?
21
Let a be 54*-3*(-2)/(-9). Let h be 2 - 6/(-4)*a/(-27). Suppose h*c - c = 45. What is the remainder when 27 is divided by c?
12
Suppose f + 455 = 3*c, 2*f - 2*c = -120 - 774. Let d = -431 - f. Let s = 41 + -1. What is the remainder when s is divided by d?
4
Let k = 125 + -124. Let m(g) = 165*g**3 - 2*g**2 + 2*g - 1. Let a(f) = 4*f**3 + f**2 - 6*f + 4. What is the remainder when m(k) is divided by a(2)?
24
Let p = 19633 + -19464. What is the remainder when 3372 is divided by p?
161
Let l(h) = -108*h + 1848. Calculate the remainder when 568 is divided by l(17).
4
Let b(y) = 3*y**3 + 46*y**2 - 42*y - 21. Calculate the remainder when b(-16) is divided by 36.
31
Let i(n) = n**3 + 5*n**2 - 5*n - 3. Let w(b) = -b**2 + 11*b + 75. Let f be w(-5). Calculate the remainder when 2 + 127 + (1 - 0) is divided by i(f).
20
Let r be 1 - (-116 + (-5 - -2)). Let u be ((-6)/4)/((-5)/r). Let b = u - 32. Calculate the remainder when 7 is divided by b.
3
Let v = -231 + 272. What is the remainder when 365 - -4*5/10 - 0 is divided by v?
39
Suppose 0 = 72*s - 13*s - 1912 - 507. Suppose 0 = -5*m - 4*l + 381, 4*m - 150 = 2*m - 4*l. What is the remainder when -2 + 4 + 0 + m is divided by s?
38
Let p = -5611 - -5713. Calculate the remainder when 151 is divided by p.
49
Let z be -9 - -10 - 0/2 - -1. Suppose -5*m + 2*c = 5*c - 221, -82 = -z*m + 2*c. Calculate the remainder when 213 is divided by m.
41
Suppose -3*d - q = -864, 52*d = 47*d + 3*q + 1440. Calculate the remainder when d is divided by 9.
0
Let t be 2 + (-4 - -2) - -3. Suppose 45 = 3*i + t. Calculate the remainder when 78 is divided by (-246)/(-4)*(-4 - i/(-3)).
37
Suppose -5*o + o - 2*g = -62, -3*g + 37 = 2*o. Let k be (1 - (-2 + 0)) + 161. Let y = -68 + k. What is the remainder when y is divided by o?
12
Let i = 8 - -45. Let k = i + -58. What is the remainder when 15 is divided by (-552)/(-60) + 1/k?
6
Suppose -985 = 29*s - 4523. Calculate the remainder when 2439 is divided by s.
121
Suppose 3*x - 5*x = -3*f - 836, -f + 820 = 2*x. Suppose 7*k - x = -90. Calculate the remainder when k is divided by 17.
12
Let i(h) = 2 + 20*h**2 + 0 + 6 + h**3. Suppose 90 = -4*f - 2*q, -6*f + 2*f = 5*q + 105. What is the remainder when 37 is divided by i(f)?
5
Let h be (-11)/5 - -2 - (-56)/(-20). Let z = h - -32. What is the remainder when 143 is divided by z?
27
Suppose -3*m + 13 = -0*m + y, y - 17 = -4*m. Suppose 3*d = -5*k + 129, -3*k + m*k + 2*d = 30. Let v = k - -30. What is the remainder when v is divided by 5?
4
Let x be 2209 - 11/(33/6). Let b = x - 1336. Suppose -a - 2*a = 3*q - 660, -4*q + 5*a = -b. Calculate the remainder when q is divided by 55.
54
Let i(s) = 236*s - 3319. What is the remainder when i(15) is divided by 212?
9
Let d(n) = n**2 - 14*n + 9. Let y = -177 - -192. What is the remainder when 74 is divided by d(y)?
2
Suppose -r + 14 = -2. Let a = 251 - 248. Suppose 0 = 2*o + 2*s - 7*s - 83, 0 = -a*o + 5*s + 112. What is the remainder when o is divided by r?
13
Suppose -5587 = -159*u + 7451. What is the remainder when 490 is divided by u?
80
Suppose -9*y - 616 = -20*y. Let n = y - -17. What is the remainder when n is divided by (-4)/(-16) - 75/(-4)?
16
Suppose 0 = -2*w - 0*w + 948. Let s = -512929 + 512936. Calculate the remainder when w is divided by s.
5
Let x be 73485/184 - (-3)/(-8)*1. Let g = -77 + x. What is the remainder when g is divided by 54?
52
Suppose 10*a + 21 - 291 = 0. Suppose 0 = 124*k - 152*k + 1484. Calculate the remainder when k is divided by a.
26
Let m = 8714 - 8549. Calculate the remainder when 3791 is divided by m.
161
Let d be 634/18 - (-10)/(-45). Let j = -461 - -501. Let g = j - d. What is the remainder when 13 is divided by g?
3
Let z be -18*(4/12*-25 - -1). Let m = z + -111. Calculate the remainder when m is divided by 3.
0
Suppose -24 = 4*v - 612. Calculate the remainder when 733 is divided by v.
145
Suppose -1767 + 233 = -5*j + c, 1530 = 5*j - 5*c. Calculate the remainder when 616 is divided by j.
2
Let q(b) = 1483*b - 852. What is the remainder when q(4) is divided by 124?
120
Let p(j) be the second derivative of 16*j**3/3 - j**2 + j. Let u be p(-2). Let r = u + 115. What is the remainder when r is divided by 25?
24
Let r = 2896 + -2601. Calculate the remainder when r is divided by 27.
25
Let w = 32 - 15. Calculate the remainder when w is divided by ((924/(-24))/(-11))/(2/(-4)) - (-17 - 7).
0
Let w = -81 - -85. Suppose 0 = -w*z - 2*c + 52, -2*z + c = -28 + 6. Calculate the remainder when 29 is divided by z.
5
Suppose 22*m + 32 + 430 = 0. Let x = 34 - 21. What is the remainder when -4 - (m + 0 + -5) is divided by x?
9
What is the remainder when 23/(299/169) - -372 is divided by 52?
21
Let q = 236 + -132. Let h = 7679 + -7648. Calculate the remainder when q is divided by h.
11
Let n(k) = -44*k + 663. Let d be n(15). Suppose 3*c - 15 - 24 = 0. What is the remainder when 87 is divided by d + (c - (-6)/3)?
15
Let s(k) = -32*k + 7*k + 11*k + 11*k - 5. Suppose -4*r - 32 = 4*n, -5*n + 0*n + 2*r = 33. Calculate the remainder when s(n) is divided by 4.
0
Suppose -16*g + 111 = -1. Calculate the remainder when 64 is divided by -3*(-5 + g - (-58)/(-6)).
18
Let o(q) = -q**3 - 39*q**2 + 84*q + 307. What is the remainder when 922 is divided by o(-41)?
22
Calculate the remainder when 14408 is divided by -6 - -2 - (-1455)/97.
9
Calculate the remainder when 9239 is divided by 8520/210 + 4/(-7).
39
Let p = -273 - -312. Let b(k) = k**3 - 41*k**2 + 81*k - 80. Calculate the remainder when 65 is divided by b(p).
28
Let n = 517 + -506. Let w = -3 - 1. Let i(p) = -12*p - 7. Calculate the remainder when i(w) is divided by n.
8
Let q(d) = -6*d**3 + 72*d**2 - d + 25. What is the remainder when q(12) is divided by 2/(1/(-2) - -1)?
1
Let q = 157 + -66. Calculate the remainder when q is divided by (-2 - 52/(-20)) + (-4712)/(-155).
29
Let h(n) = 2*n + 17*n + 6 + 3 - 35. Calculate the remainder when 63 is divided by h(2).
3
Suppose -5*d - 73 = 42*x - 43*x, x - 68 = 4*d. Calculate the remainder when 88 is divided by x.
40
Suppose -25 + 3 = -2*a. Suppose 2 = -2*s, 29 = 4*p - 3*s + 10. Suppose p*m - a - 49 = 0. Calculate the remainder when 39 is divided by m.
9
Let f = 178 - 119. Suppose 2*h - 870 = -3*h. What is the remainder when h is divided by f?
56
Suppose 3*d = 3*g - 64 - 65, 3*g = d + 33. Let o = 42 + d. Calculate the remainder when 23 is divided by 26/((-9)/(27/o)).
10
Calculate the remainder when 3860/22 + 78/143 is divided by 13.
7
Let n(y) = -y**2 + y +